of 957927480.
2, 3, 5, 7982729
List the prime factors of 513931592.
2, 577, 111337
List the prime factors of 184064564.
2, 46016141
What are the prime factors of 637513688?
2, 7, 19, 191, 3137
List the prime factors of 88722372.
2, 3, 31, 79, 3019
What are the prime factors of 135771109?
47, 2888747
List the prime factors of 2453174840.
2, 5, 487, 125933
What are the prime factors of 37547122?
2, 18773561
List the prime factors of 17130345.
3, 5, 229, 4987
List the prime factors of 136703993.
19, 331, 21737
List the prime factors of 2277239079.
3, 4253, 178481
What are the prime factors of 188359731?
3, 7, 179, 16703
List the prime factors of 296380812.
2, 3, 7, 13, 29, 191
What are the prime factors of 3300470648?
2, 412558831
List the prime factors of 1586083939.
11, 43, 3353243
List the prime factors of 32170613.
17, 111317
What are the prime factors of 1267669?
13, 577
List the prime factors of 264901319.
7253, 36523
List the prime factors of 1371156434.
2, 37, 18529141
What are the prime factors of 127725799?
8731, 14629
List the prime factors of 123225840.
2, 3, 5, 89, 641
List the prime factors of 4975768.
2, 7, 88853
What are the prime factors of 788376738?
2, 3, 151, 870173
List the prime factors of 341106130.
2, 5, 103, 331171
List the prime factors of 4365108314.
2, 7, 23, 13556237
List the prime factors of 391525836.
2, 3, 13, 43, 58367
What are the prime factors of 198064239?
3, 31, 59, 36097
What are the prime factors of 29957164?
2, 769, 9739
What are the prime factors of 24418892?
2, 199, 30677
List the prime factors of 139427862.
2, 3, 7, 967, 3433
What are the prime factors of 6126432436?
2, 73, 593, 35381
List the prime factors of 630675321.
3, 71, 2960917
What are the prime factors of 2636816506?
2, 2909, 453217
List the prime factors of 76657823.
11, 31, 41, 5483
What are the prime factors of 1921203?
3, 213467
List the prime factors of 35658450.
2, 3, 5, 79241
What are the prime factors of 390643848?
2, 3, 7, 775087
What are the prime factors of 123164390?
2, 5, 12316439
List the prime factors of 484164170.
2, 5, 7, 1051, 6581
List the prime factors of 394504939.
7247, 54437
List the prime factors of 303297236.
2, 11, 6893119
List the prime factors of 2055571537.
1117, 1840261
List the prime factors of 585444909.
3, 7, 27878329
What are the prime factors of 1155352451?
11, 105032041
What are the prime factors of 874510590?
2, 3, 5, 29150353
What are the prime factors of 635120351?
103, 1051, 5867
List the prime factors of 2961501738.
2, 3, 13, 229, 165799
What are the prime factors of 3844726262?
2, 13, 109, 1356643
List the prime factors of 102305170.
2, 5, 11, 43, 503
List the prime factors of 262792818.
2, 3, 2819, 5179
List the prime factors of 2129740770.
2, 3, 5, 2617, 27127
What are the prime factors of 6020216?
2, 752527
List the prime factors of 125931110.
2, 5, 12593111
List the prime factors of 371154652.
2, 11, 8435333
List the prime factors of 248917838.
2, 13, 9573763
What are the prime factors of 2162316126?
2, 3, 12619, 28559
What are the prime factors of 52430855?
5, 10486171
What are the prime factors of 1796043688?
2, 23, 9761107
List the prime factors of 34785063.
3, 3865007
What are the prime factors of 300551239?
300551239
What are the prime factors of 523360259?
31, 16882589
List the prime factors of 579416797.
17, 41, 831301
List the prime factors of 34526263.
34526263
List the prime factors of 421162274.
2, 13, 53, 305633
List the prime factors of 167767067.
13, 17, 73, 10399
What are the prime factors of 352328530?
2, 5, 59, 107, 5581
What are the prime factors of 132371526?
2, 3, 7, 3151703
What are the prime factors of 105273252?
2, 3, 7, 417751
List the prime factors of 69942432.
2, 3, 7, 29, 37, 97
List the prime factors of 89030627.
7, 12718661
List the prime factors of 1974742840.
2, 5, 7, 797, 8849
What are the prime factors of 249059650?
2, 5, 7, 59, 1723
What are the prime factors of 118656102?
2, 3, 19, 61, 113, 151
List the prime factors of 29550869.
29550869
List the prime factors of 5159474.
2, 2579737
List the prime factors of 317785025.
5, 12711401
List the prime factors of 1755268880.
2, 5, 59, 257, 1447
What are the prime factors of 59349372?
2, 3, 727, 6803
What are the prime factors of 108928553?
29, 3756157
List the prime factors of 1257368656.
2, 233, 337277
List the prime factors of 167484130.
2, 5, 11, 163, 9341
List the prime factors of 24926711.
1481, 16831
What are the prime factors of 113450315?
5, 11, 307, 6719
List the prime factors of 3844800954.
2, 3, 17, 12564709
List the prime factors of 1549446982.
2, 774723491
List the prime factors of 30889887.
3, 7, 1470947
What are the prime factors of 726189712?
2, 45386857
List the prime factors of 60110949.
3, 20036983
List the prime factors of 540566255.
5, 17, 263, 24181
What are the prime factors of 15798557?
19, 831503
List the prime factors of 1581316732.
2, 239, 709, 2333
List the prime factors of 2368680117.
3, 547, 1443437
List the prime factors of 670953155.
5, 134190631
List the prime factors of 669434215.
5, 1481, 90403
What are the prime factors of 382062996?
2, 3, 7, 59, 3671
What are the prime factors of 468150777?
3, 17, 281, 10889
What are the prime factors of 3840413192?
2, 7, 11, 566767
What are the prime factors of 141151374?
2, 3, 7, 13, 17, 37, 137
List the prime factors of 846975069.
3, 23, 167, 8167
What are the prime factors of 1508552190?
2, 3, 5, 2963, 5657
List the prime factors of 386472682.
2, 193236341
List the prime factors of 160115239.
677, 236507
What are the prime factors of 55861397?
1877, 29761
What are the prime factors of 4591235679?
3, 17, 101, 891329
What are the prime factors of 553578458?
2, 276789229
List the prime factors of 1097278644.
2, 3, 7, 11, 43, 27617
What are the prime factors of 64394590?
2, 5, 13, 495343
List the prime factors of 818120495.
5, 17, 9624947
What are the prime factors of 117803776?
2, 460171
What are the prime factors of 101358309?
3, 13, 23, 112997
What are the prime factors of 507878339?
139, 241, 15161
List the prime factors of 707115935.
5, 17, 97, 139, 617
What are the prime factors of 1994022143?
727, 2742809
List the prime factors of 21938577.
3, 7312859
List the prime factors of 253377350.
2, 5, 17, 19, 29, 541
List the prime factors of 18647279.
7, 2663897
What are the prime factors of 24748269?
3, 7, 13, 269, 337
List the prime factors of 136523481.
3, 17, 41, 109, 599
What are the prime factors of 453339091?
41, 577, 19163
List the prime factors of 890282795.
5, 178056559
List the prime factors of 1184978902.
2, 592489451
List the prime factors of 5201162654.
2, 2600581327
List the prime factors of 868525660.
2, 5, 3217, 13499
What are the prime factors of 805344856?
2, 100668107
What are the prime factors of 111135157?
7, 15876451
What are the prime factors of 67081009?
1931, 34739
List the prime factors of 1161695398.
2, 29, 2633, 7607
What are the prime factors of 41048274?
2, 3, 6841379
List the prime factors of 74460585.
3, 5, 911, 5449
What are the prime factors of 252646311?
3, 31, 229, 11863
What are the prime factors of 2005652898?
2, 3, 97, 1148713
List the prime factors of 9544732789.
9544732789
What are the prime factors of 115148?
2, 11, 2617
List the prime factors of 346580508.
2, 3, 29, 229, 4349
What are the prime factors of 4564287690?
2, 3, 5, 41, 271, 13693
What are the prime factors of 199118166?
2, 3, 13, 131, 1499
List the prime factors of 690009491.
19, 47, 53, 61, 239
What are the prime factors of 175762518?
2, 3, 79, 523, 709
What are the prime factors of 4789468779?
3, 23, 827, 83933
List the prime factors of 212157981.
3, 7, 1122529
What are the prime factors of 52120969?
139, 569, 659
List the prime factors of 168276580.
2, 5, 8413829
What are the prime factors of 465327?
3, 149, 347
List the prime factors of 25048807.
7, 53, 107, 631
List the prime factors of 79642659.
3, 1277, 20789
List the prime factors of 307068935.
5, 61413787
What are the prime factors of 300494316?
2, 3, 37, 59, 11471
What are the prime factors of 352476836?
2, 41, 2149249
List the prime factors of 354117220.
2, 5, 17705861
List the prime factors of 118756082.
2, 89, 709, 941
What are the prime factors of 124379824?
2, 7773739
List the 